{"id":6073,"date":"2022-06-29T10:07:18","date_gmt":"2022-06-29T10:07:18","guid":{"rendered":"https:\/\/appefilhos.pt\/?page_id=6073"},"modified":"2022-07-05T16:13:30","modified_gmt":"2022-07-05T16:13:30","slug":"politica-de-cookies","status":"publish","type":"page","link":"https:\/\/appefilhos.pt\/politica-de-cookies\/","title":{"rendered":"Pol\u00edtica de Cookies"},"content":{"rendered":"<p>[vc_row][vc_column]<div class=\"qodef-elements-holder   qodef-one-column  qodef-responsive-mode-768   \" ><div class=\"qodef-eh-item     \"  data-item-class=\"qodef-eh-custom-1782\" data-1024-1366=\"100px 180px\" data-768-1024=\"100px 80px\" data-680-768=\"100px 50px\" data-680=\"100px 10px\">\n\t<div class=\"qodef-eh-item-inner\">\n\t\t<div class=\"qodef-eh-item-content qodef-eh-custom-1782\" style=\"padding: 100px 250px\">\n\t\t\t<div class=\"qodef-section-title-holder  qodef-st-corners qodef-st-title-left qodef-st-normal-space  \" style=\"text-align: center\">\n\t<div class=\"qodef-st-inner\">\n                    <span class=\"qodef-corner-line line-1\"><\/span>\n            <span class=\"qodef-corner-line line-2\"><\/span>\n            <span class=\"qodef-corner-line line-3\"><\/span>\n            <span class=\"qodef-corner-line line-4\"><\/span>\n        \t\t\t\t\t<h2 class=\"qodef-st-title\" style=\"color: #ddcf28\">\n\t\t\t\tPol\u00edtica de Cookies\t\t\t<\/h2>\n\t\t\t\t\t<\/div>\n<\/div>\t\t<\/div>\n\t<\/div>\n<\/div><\/div>[\/vc_column][\/vc_row][vc_row][vc_column][vc_column_text css=&#8221;.vc_custom_1657037607782{padding-bottom: 80px !important;}&#8221;]Visando proporcionar aos nossos utilizadores uma maior rapidez e personaliza\u00e7\u00e3o do servi\u00e7o prestado, a APP &amp; Filhos poder\u00e1 recorrer a uma funcionalidade do \u201cbrowser\u201d conhecida como \u201ccookie\u201d. Um \u201ccookie\u201d \u00e9 um pequeno ficheiro de texto, automaticamente guardado pelo computador do utilizador, e que permite a sua identifica\u00e7\u00e3o sempre que este volte a consultar, neste caso, o site appefilhos.pt.<br \/>\nQualquer utilizador pode, no entanto, configurar o seu \u201cbrowser\u201d por forma a impedir a instala\u00e7\u00e3o de \u201ccookies\u201d no seu computador. Contudo, essa op\u00e7\u00e3o poder\u00e1 tornar a sua navega\u00e7\u00e3o mais lenta, neste como noutros sites.[\/vc_column_text][\/vc_column][\/vc_row]<\/p>\n","protected":false},"excerpt":{"rendered":"<p>[vc_row][vc_column][\/vc_column][\/vc_row][vc_row][vc_column][vc_column_text css=&#8221;.vc_custom_1657037607782{padding-bottom: 80px !important;}&#8221;]Visando proporcionar aos nossos utilizadores uma maior rapidez e personaliza\u00e7\u00e3o do servi\u00e7o prestado, a APP &amp; Filhos poder\u00e1 recorrer a uma funcionalidade do \u201cbrowser\u201d conhecida como \u201ccookie\u201d. Um \u201ccookie\u201d \u00e9 um pequeno ficheiro de texto, automaticamente guardado pelo computador do utilizador, e que permite a sua identifica\u00e7\u00e3o [&hellip;]<\/p>\n","protected":false},"author":2,"featured_media":0,"parent":0,"menu_order":0,"comment_status":"closed","ping_status":"closed","template":"","meta":{"footnotes":""},"class_list":["post-6073","page","type-page","status-publish","hentry"],"_links":{"self":[{"href":"https:\/\/appefilhos.pt\/wp-json\/wp\/v2\/pages\/6073","targetHints":{"allow":["GET"]}}],"collection":[{"href":"https:\/\/appefilhos.pt\/wp-json\/wp\/v2\/pages"}],"about":[{"href":"https:\/\/appefilhos.pt\/wp-json\/wp\/v2\/types\/page"}],"author":[{"embeddable":true,"href":"https:\/\/appefilhos.pt\/wp-json\/wp\/v2\/users\/2"}],"replies":[{"embeddable":true,"href":"https:\/\/appefilhos.pt\/wp-json\/wp\/v2\/comments?post=6073"}],"version-history":[{"count":3,"href":"https:\/\/appefilhos.pt\/wp-json\/wp\/v2\/pages\/6073\/revisions"}],"predecessor-version":[{"id":6314,"href":"https:\/\/appefilhos.pt\/wp-json\/wp\/v2\/pages\/6073\/revisions\/6314"}],"wp:attachment":[{"href":"https:\/\/appefilhos.pt\/wp-json\/wp\/v2\/media?parent=6073"}],"curies":[{"name":"wp","href":"https:\/\/api.w.org\/{rel}","templated":true}]}}