{"id":5981,"date":"2022-06-24T15:44:04","date_gmt":"2022-06-24T15:44:04","guid":{"rendered":"https:\/\/appefilhos.pt\/?post_type=product&#038;p=5981"},"modified":"2022-12-05T17:45:38","modified_gmt":"2022-12-05T17:45:38","slug":"sikagard-570-w-pele-elastica-fibras","status":"publish","type":"product","link":"https:\/\/appefilhos.pt\/produto\/sikagard-570-w-pele-elastica-fibras\/","title":{"rendered":"Sikagard &#8211; 570 W Pele El\u00e1stica + Fibras"},"content":{"rendered":"<div class=\"cmp-product__description--short\" style=\"text-align: left;\">Revestimento de impermeabiliza\u00e7\u00e3o el\u00e1stico com fibras<\/div>\n<p class=\"cmp-text__paragraph cmp-line-clamp cmp-line-clamp--3\" style=\"text-align: left;\" data-lines=\"3\" data-read-more=\"Ler mais +\" data-read-less=\"Ler menos -\">Sikagard<sup>\u00ae<\/sup>-570 W Pele El\u00e1stica<sup>\u00ae<\/sup>\u00a0+ Fibras, \u00e9 um revestimento aquoso, com base em dispers\u00e3o estireno acr\u00edlica com fibras. Ap\u00f3s cura, forma uma camada elasto-pl\u00e1stica cont\u00ednua, sem emendas, com propriedades de ponte de fissuras, mesmo a baixas temperaturas.<\/p>\n<p style=\"text-align: left;\" data-lines=\"3\" data-read-more=\"Ler mais +\" data-read-less=\"Ler menos -\"><strong>Utiliza\u00e7\u00f5es<\/strong><br \/>\nRevestimento de coberturas sujeitas a tr\u00e1fego pedonal ocasional e paramentos verticais perif\u00e9ricos. Revestimento cont\u00ednuo de coberturas, particularmente no caso de repara\u00e7\u00f5es, sobre fibrocimento, telas betuminosas, bet\u00e3o, zinco e a\u00e7o. Para a aplica\u00e7\u00e3o em superf\u00edcies de PVC ou de poli\u00e9ster, e sobre pintura, \u00e9 recomendado realizar ensaios pr\u00e9vios, de forma a determinar a sua compatibilidade e se \u00e9 preciso realizar uma lixagem pr\u00e9via.<br \/>\nN\u00e3o aplicar em bases que possam acumular \u00e1gua ou ter \u00e1guas estagnada.<\/p>\n","protected":false},"excerpt":{"rendered":"<p>Revestimento de impermeabiliza\u00e7\u00e3o el\u00e1stico com fibras Sikagard\u00ae-570 W Pele El\u00e1stica\u00ae\u00a0+ Fibras, \u00e9 um revestimento aquoso, com base em dispers\u00e3o estireno acr\u00edlica com fibras. Ap\u00f3s cura, forma uma camada elasto-pl\u00e1stica cont\u00ednua, sem emendas, com propriedades de ponte de fissuras, mesmo a baixas temperaturas. Utiliza\u00e7\u00f5es Revestimento de coberturas sujeitas a tr\u00e1fego pedonal [&hellip;]<\/p>\n","protected":false},"featured_media":5982,"comment_status":"closed","ping_status":"closed","template":"","meta":[],"product_cat":[82],"product_tag":[86,87,83],"class_list":["post-5981","product","type-product","status-publish","has-post-thumbnail","hentry","product_cat-sika","product_tag-570-w-pele-elastica","product_tag-fibras","product_tag-sika"],"_links":{"self":[{"href":"https:\/\/appefilhos.pt\/wp-json\/wp\/v2\/product\/5981","targetHints":{"allow":["GET"]}}],"collection":[{"href":"https:\/\/appefilhos.pt\/wp-json\/wp\/v2\/product"}],"about":[{"href":"https:\/\/appefilhos.pt\/wp-json\/wp\/v2\/types\/product"}],"replies":[{"embeddable":true,"href":"https:\/\/appefilhos.pt\/wp-json\/wp\/v2\/comments?post=5981"}],"wp:featuredmedia":[{"embeddable":true,"href":"https:\/\/appefilhos.pt\/wp-json\/wp\/v2\/media\/5982"}],"wp:attachment":[{"href":"https:\/\/appefilhos.pt\/wp-json\/wp\/v2\/media?parent=5981"}],"wp:term":[{"taxonomy":"product_cat","embeddable":true,"href":"https:\/\/appefilhos.pt\/wp-json\/wp\/v2\/product_cat?post=5981"},{"taxonomy":"product_tag","embeddable":true,"href":"https:\/\/appefilhos.pt\/wp-json\/wp\/v2\/product_tag?post=5981"}],"curies":[{"name":"wp","href":"https:\/\/api.w.org\/{rel}","templated":true}]}}