{"id":6005,"date":"2022-06-27T14:48:49","date_gmt":"2022-06-27T14:48:49","guid":{"rendered":"https:\/\/appefilhos.pt\/?post_type=product&#038;p=6005"},"modified":"2022-12-05T17:44:21","modified_gmt":"2022-12-05T17:44:21","slug":"webercol-flex-m","status":"publish","type":"product","link":"https:\/\/appefilhos.pt\/produto\/webercol-flex-m\/","title":{"rendered":"Webercol Flex M+"},"content":{"rendered":"<div class=\"cmp-product__description--short\">\n<div class=\"cmp-product__description--short\">\n<div class=\"cmp-product__description cmp-font--light\">\n<div class=\"cmp-text\">\n<div class=\"cmp-product__description--short\">\n<p>Colagem de cer\u00e2mica, pedra natural e mosaico hidr\u00e1ulico multiformato em multissuportes.<\/p>\n<ul>\n<li>Interior e exterior.<\/li>\n<li>Multiusos em pavimento e parede.<\/li>\n<li>Elevada ader\u00eancia e deformabilidade.<\/li>\n<\/ul>\n<\/div>\n<\/div>\n<\/div>\n<\/div>\n<\/div>\n","protected":false},"excerpt":{"rendered":"<p>Colagem de cer\u00e2mica, pedra natural e mosaico hidr\u00e1ulico multiformato em multissuportes. Interior e exterior. Multiusos em pavimento e parede. Elevada ader\u00eancia e deformabilidade.<\/p>\n","protected":false},"featured_media":6006,"comment_status":"closed","ping_status":"closed","template":"","meta":[],"product_cat":[90],"product_tag":[95,91,92],"class_list":["post-6005","product","type-product","status-publish","has-post-thumbnail","hentry","product_cat-weber","product_tag-flex-m","product_tag-weber","product_tag-webercol"],"_links":{"self":[{"href":"https:\/\/appefilhos.pt\/wp-json\/wp\/v2\/product\/6005","targetHints":{"allow":["GET"]}}],"collection":[{"href":"https:\/\/appefilhos.pt\/wp-json\/wp\/v2\/product"}],"about":[{"href":"https:\/\/appefilhos.pt\/wp-json\/wp\/v2\/types\/product"}],"replies":[{"embeddable":true,"href":"https:\/\/appefilhos.pt\/wp-json\/wp\/v2\/comments?post=6005"}],"wp:featuredmedia":[{"embeddable":true,"href":"https:\/\/appefilhos.pt\/wp-json\/wp\/v2\/media\/6006"}],"wp:attachment":[{"href":"https:\/\/appefilhos.pt\/wp-json\/wp\/v2\/media?parent=6005"}],"wp:term":[{"taxonomy":"product_cat","embeddable":true,"href":"https:\/\/appefilhos.pt\/wp-json\/wp\/v2\/product_cat?post=6005"},{"taxonomy":"product_tag","embeddable":true,"href":"https:\/\/appefilhos.pt\/wp-json\/wp\/v2\/product_tag?post=6005"}],"curies":[{"name":"wp","href":"https:\/\/api.w.org\/{rel}","templated":true}]}}

<div class="cmp-product__description--short">
<div class="cmp-product__description--short">
<div class="cmp-product__description cmp-font--light">
<div class="cmp-text">
<div class="cmp-product__description--short">
<p>Colagem de cerâmica, pedra natural e mosaico hidráulico multiformato em multissuportes.</p>
<ul>
<li>Interior e exterior.</li>
<li>Multiusos em pavimento e parede.</li>
<li>Elevada aderência e deformabilidade.</li>
</ul>
</div>
</div>
</div>
</div>
</div>

<p>Colagem de cerâmica, pedra natural e mosaico hidráulico multiformato em multissuportes. Interior e exterior. Multiusos em pavimento e parede. Elevada aderência e deformabilidade.</p>
