{"id":6008,"date":"2022-06-27T14:50:01","date_gmt":"2022-06-27T14:50:01","guid":{"rendered":"https:\/\/appefilhos.pt\/?post_type=product&#038;p=6008"},"modified":"2022-12-05T17:44:13","modified_gmt":"2022-12-05T17:44:13","slug":"webercol-flex-l","status":"publish","type":"product","link":"https:\/\/appefilhos.pt\/produto\/webercol-flex-l\/","title":{"rendered":"Webercol Flex L+"},"content":{"rendered":"<div class=\"cmp-product__description--short\">\n<div class=\"cmp-product__description--short\">\n<div class=\"cmp-product__description cmp-font--light\">\n<div class=\"cmp-text\">\n<div class=\"cmp-product__description--short\">\n<p>Colagem multissuportes para cer\u00e2mica, pedra natural e mosaico hidr\u00e1ulico de grande formato.<\/p>\n<ul>\n<li>Interior e exterior.<\/li>\n<li>Elevada ader\u00eancia e deformabilidade.<\/li>\n<li>Adequado para colagem em edif\u00edcios em altura.<\/li>\n<\/ul>\n<\/div>\n<\/div>\n<\/div>\n<\/div>\n<\/div>\n","protected":false},"excerpt":{"rendered":"<p>Colagem multissuportes para cer\u00e2mica, pedra natural e mosaico hidr\u00e1ulico de grande formato. Interior e exterior. Elevada ader\u00eancia e deformabilidade. Adequado para colagem em edif\u00edcios em altura.<\/p>\n","protected":false},"featured_media":6009,"comment_status":"closed","ping_status":"closed","template":"","meta":[],"product_cat":[90],"product_tag":[95,91,92],"class_list":["post-6008","product","type-product","status-publish","has-post-thumbnail","hentry","product_cat-weber","product_tag-flex-m","product_tag-weber","product_tag-webercol"],"_links":{"self":[{"href":"https:\/\/appefilhos.pt\/wp-json\/wp\/v2\/product\/6008","targetHints":{"allow":["GET"]}}],"collection":[{"href":"https:\/\/appefilhos.pt\/wp-json\/wp\/v2\/product"}],"about":[{"href":"https:\/\/appefilhos.pt\/wp-json\/wp\/v2\/types\/product"}],"replies":[{"embeddable":true,"href":"https:\/\/appefilhos.pt\/wp-json\/wp\/v2\/comments?post=6008"}],"wp:featuredmedia":[{"embeddable":true,"href":"https:\/\/appefilhos.pt\/wp-json\/wp\/v2\/media\/6009"}],"wp:attachment":[{"href":"https:\/\/appefilhos.pt\/wp-json\/wp\/v2\/media?parent=6008"}],"wp:term":[{"taxonomy":"product_cat","embeddable":true,"href":"https:\/\/appefilhos.pt\/wp-json\/wp\/v2\/product_cat?post=6008"},{"taxonomy":"product_tag","embeddable":true,"href":"https:\/\/appefilhos.pt\/wp-json\/wp\/v2\/product_tag?post=6008"}],"curies":[{"name":"wp","href":"https:\/\/api.w.org\/{rel}","templated":true}]}}

<div class="cmp-product__description--short">
<div class="cmp-product__description--short">
<div class="cmp-product__description cmp-font--light">
<div class="cmp-text">
<div class="cmp-product__description--short">
<p>Colagem multissuportes para cerâmica, pedra natural e mosaico hidráulico de grande formato.</p>
<ul>
<li>Interior e exterior.</li>
<li>Elevada aderência e deformabilidade.</li>
<li>Adequado para colagem em edifícios em altura.</li>
</ul>
</div>
</div>
</div>
</div>
</div>

<p>Colagem multissuportes para cerâmica, pedra natural e mosaico hidráulico de grande formato. Interior e exterior. Elevada aderência e deformabilidade. Adequado para colagem em edifícios em altura.</p>
