{"id":6015,"date":"2022-06-27T14:54:09","date_gmt":"2022-06-27T14:54:09","guid":{"rendered":"https:\/\/appefilhos.pt\/?post_type=product&#038;p=6015"},"modified":"2022-12-05T17:43:50","modified_gmt":"2022-12-05T17:43:50","slug":"webercolor-premium","status":"publish","type":"product","link":"https:\/\/appefilhos.pt\/produto\/webercolor-premium\/","title":{"rendered":"Webercolor Premium"},"content":{"rendered":"<div class=\"cmp-product__description--short\">\n<div class=\"cmp-product__description--short\">\n<div class=\"cmp-product__description cmp-font--light\">\n<div class=\"cmp-text\">\n<div class=\"cmp-product__description--short\">\n<p>Betuma\u00e7\u00e3o com acabamento fino e colorido, para interiores e exteriores.<\/p>\n<ul>\n<li>Resist\u00eancia a fungos.<\/li>\n<li>Imperme\u00e1vel com secagem r\u00e1pida.<\/li>\n<li>Dispon\u00edvel em 42 cores.<\/li>\n<\/ul>\n<\/div>\n<\/div>\n<\/div>\n<\/div>\n<\/div>\n","protected":false},"excerpt":{"rendered":"<p>Betuma\u00e7\u00e3o com acabamento fino e colorido, para interiores e exteriores. Resist\u00eancia a fungos. Imperme\u00e1vel com secagem r\u00e1pida. Dispon\u00edvel em 42 cores.<\/p>\n","protected":false},"featured_media":6016,"comment_status":"closed","ping_status":"closed","template":"","meta":[],"product_cat":[90],"product_tag":[97,91,92],"class_list":["post-6015","product","type-product","status-publish","has-post-thumbnail","hentry","product_cat-weber","product_tag-premium","product_tag-weber","product_tag-webercol"],"_links":{"self":[{"href":"https:\/\/appefilhos.pt\/wp-json\/wp\/v2\/product\/6015","targetHints":{"allow":["GET"]}}],"collection":[{"href":"https:\/\/appefilhos.pt\/wp-json\/wp\/v2\/product"}],"about":[{"href":"https:\/\/appefilhos.pt\/wp-json\/wp\/v2\/types\/product"}],"replies":[{"embeddable":true,"href":"https:\/\/appefilhos.pt\/wp-json\/wp\/v2\/comments?post=6015"}],"wp:featuredmedia":[{"embeddable":true,"href":"https:\/\/appefilhos.pt\/wp-json\/wp\/v2\/media\/6016"}],"wp:attachment":[{"href":"https:\/\/appefilhos.pt\/wp-json\/wp\/v2\/media?parent=6015"}],"wp:term":[{"taxonomy":"product_cat","embeddable":true,"href":"https:\/\/appefilhos.pt\/wp-json\/wp\/v2\/product_cat?post=6015"},{"taxonomy":"product_tag","embeddable":true,"href":"https:\/\/appefilhos.pt\/wp-json\/wp\/v2\/product_tag?post=6015"}],"curies":[{"name":"wp","href":"https:\/\/api.w.org\/{rel}","templated":true}]}}

<div class="cmp-product__description--short">
<div class="cmp-product__description--short">
<div class="cmp-product__description cmp-font--light">
<div class="cmp-text">
<div class="cmp-product__description--short">
<p>Betumação com acabamento fino e colorido, para interiores e exteriores.</p>
<ul>
<li>Resistência a fungos.</li>
<li>Impermeável com secagem rápida.</li>
<li>Disponível em 42 cores.</li>
</ul>
</div>
</div>
</div>
</div>
</div>

<p>Betumação com acabamento fino e colorido, para interiores e exteriores. Resistência a fungos. Impermeável com secagem rápida. Disponível em 42 cores.</p>
