{"id":6017,"date":"2022-06-27T14:56:25","date_gmt":"2022-06-27T14:56:25","guid":{"rendered":"https:\/\/appefilhos.pt\/?post_type=product&#038;p=6017"},"modified":"2022-12-05T17:43:43","modified_gmt":"2022-12-05T17:43:43","slug":"webercolor-flex","status":"publish","type":"product","link":"https:\/\/appefilhos.pt\/produto\/webercolor-flex\/","title":{"rendered":"Webercolor Flex"},"content":{"rendered":"<div class=\"cmp-product__description--short\">\n<div class=\"cmp-product__description--short\">\n<div class=\"cmp-product__description cmp-font--light\">\n<div class=\"cmp-text\">\n<div class=\"cmp-product__description--short\">\n<p>Betuma\u00e7\u00e3o com acabamento areado, para interiores e exteriores.<\/p>\n<ul>\n<li>Adequado para juntas largas (5 a 20 mm).<\/li>\n<li>Flex\u00edvel e refor\u00e7ado com fibras.<\/li>\n<li>Imperme\u00e1vel.<\/li>\n<\/ul>\n<\/div>\n<\/div>\n<\/div>\n<\/div>\n<\/div>\n","protected":false},"excerpt":{"rendered":"<p>Betuma\u00e7\u00e3o com acabamento areado, para interiores e exteriores. Adequado para juntas largas (5 a 20 mm). Flex\u00edvel e refor\u00e7ado com fibras. Imperme\u00e1vel.<\/p>\n","protected":false},"featured_media":6018,"comment_status":"closed","ping_status":"closed","template":"","meta":[],"product_cat":[90],"product_tag":[99,91,92],"class_list":["post-6017","product","type-product","status-publish","has-post-thumbnail","hentry","product_cat-weber","product_tag-flex","product_tag-weber","product_tag-webercol"],"_links":{"self":[{"href":"https:\/\/appefilhos.pt\/wp-json\/wp\/v2\/product\/6017","targetHints":{"allow":["GET"]}}],"collection":[{"href":"https:\/\/appefilhos.pt\/wp-json\/wp\/v2\/product"}],"about":[{"href":"https:\/\/appefilhos.pt\/wp-json\/wp\/v2\/types\/product"}],"replies":[{"embeddable":true,"href":"https:\/\/appefilhos.pt\/wp-json\/wp\/v2\/comments?post=6017"}],"wp:featuredmedia":[{"embeddable":true,"href":"https:\/\/appefilhos.pt\/wp-json\/wp\/v2\/media\/6018"}],"wp:attachment":[{"href":"https:\/\/appefilhos.pt\/wp-json\/wp\/v2\/media?parent=6017"}],"wp:term":[{"taxonomy":"product_cat","embeddable":true,"href":"https:\/\/appefilhos.pt\/wp-json\/wp\/v2\/product_cat?post=6017"},{"taxonomy":"product_tag","embeddable":true,"href":"https:\/\/appefilhos.pt\/wp-json\/wp\/v2\/product_tag?post=6017"}],"curies":[{"name":"wp","href":"https:\/\/api.w.org\/{rel}","templated":true}]}}

<div class="cmp-product__description--short">
<div class="cmp-product__description--short">
<div class="cmp-product__description cmp-font--light">
<div class="cmp-text">
<div class="cmp-product__description--short">
<p>Betumação com acabamento areado, para interiores e exteriores.</p>
<ul>
<li>Adequado para juntas largas (5 a 20 mm).</li>
<li>Flexível e reforçado com fibras.</li>
<li>Impermeável.</li>
</ul>
</div>
</div>
</div>
</div>
</div>

<p>Betumação com acabamento areado, para interiores e exteriores. Adequado para juntas largas (5 a 20 mm). Flexível e reforçado com fibras. Impermeável.</p>
