{"id":6023,"date":"2022-06-27T15:02:36","date_gmt":"2022-06-27T15:02:36","guid":{"rendered":"https:\/\/appefilhos.pt\/?post_type=product&#038;p=6023"},"modified":"2022-12-05T17:43:24","modified_gmt":"2022-12-05T17:43:24","slug":"webertherm-pro","status":"publish","type":"product","link":"https:\/\/appefilhos.pt\/produto\/webertherm-pro\/","title":{"rendered":"Webertherm Pro"},"content":{"rendered":"<div class=\"cmp-product__description--short\">\n<div class=\"cmp-product__description--short\">\n<div class=\"cmp-product__description cmp-font--light\">\n<div class=\"cmp-text\">\n<div class=\"cmp-product__description--short\">\n<p>Colagem e revestimento de placas isolantes em sistemas webertherm.<\/p>\n<ul>\n<li>Excelente trabalhabilidade.<\/li>\n<li>Imperme\u00e1vel \u00e0 \u00e1gua da chuva.<\/li>\n<li>Para obra nova e reabilita\u00e7\u00e3o.<\/li>\n<\/ul>\n<\/div>\n<\/div>\n<\/div>\n<\/div>\n<\/div>\n","protected":false},"excerpt":{"rendered":"<p>Colagem e revestimento de placas isolantes em sistemas webertherm. Excelente trabalhabilidade. Imperme\u00e1vel \u00e0 \u00e1gua da chuva. Para obra nova e reabilita\u00e7\u00e3o.<\/p>\n","protected":false},"featured_media":6024,"comment_status":"closed","ping_status":"closed","template":"","meta":[],"product_cat":[90],"product_tag":[102,91,100],"class_list":["post-6023","product","type-product","status-publish","has-post-thumbnail","hentry","product_cat-weber","product_tag-pro","product_tag-weber","product_tag-webertherm"],"_links":{"self":[{"href":"https:\/\/appefilhos.pt\/wp-json\/wp\/v2\/product\/6023","targetHints":{"allow":["GET"]}}],"collection":[{"href":"https:\/\/appefilhos.pt\/wp-json\/wp\/v2\/product"}],"about":[{"href":"https:\/\/appefilhos.pt\/wp-json\/wp\/v2\/types\/product"}],"replies":[{"embeddable":true,"href":"https:\/\/appefilhos.pt\/wp-json\/wp\/v2\/comments?post=6023"}],"wp:featuredmedia":[{"embeddable":true,"href":"https:\/\/appefilhos.pt\/wp-json\/wp\/v2\/media\/6024"}],"wp:attachment":[{"href":"https:\/\/appefilhos.pt\/wp-json\/wp\/v2\/media?parent=6023"}],"wp:term":[{"taxonomy":"product_cat","embeddable":true,"href":"https:\/\/appefilhos.pt\/wp-json\/wp\/v2\/product_cat?post=6023"},{"taxonomy":"product_tag","embeddable":true,"href":"https:\/\/appefilhos.pt\/wp-json\/wp\/v2\/product_tag?post=6023"}],"curies":[{"name":"wp","href":"https:\/\/api.w.org\/{rel}","templated":true}]}}

<div class="cmp-product__description--short">
<div class="cmp-product__description--short">
<div class="cmp-product__description cmp-font--light">
<div class="cmp-text">
<div class="cmp-product__description--short">
<p>Colagem e revestimento de placas isolantes em sistemas webertherm.</p>
<ul>
<li>Excelente trabalhabilidade.</li>
<li>Impermeável à água da chuva.</li>
<li>Para obra nova e reabilitação.</li>
</ul>
</div>
</div>
</div>
</div>
</div>

<p>Colagem e revestimento de placas isolantes em sistemas webertherm. Excelente trabalhabilidade. Impermeável à água da chuva. Para obra nova e reabilitação.</p>
