{"id":6046,"date":"2022-06-27T15:28:22","date_gmt":"2022-06-27T15:28:22","guid":{"rendered":"https:\/\/appefilhos.pt\/?post_type=product&#038;p=6046"},"modified":"2022-12-05T17:40:58","modified_gmt":"2022-12-05T17:40:58","slug":"adhere-flex-tt-gel","status":"publish","type":"product","link":"https:\/\/appefilhos.pt\/produto\/adhere-flex-tt-gel\/","title":{"rendered":"ADHERE FLEX TT GEL"},"content":{"rendered":"<div class=\"cmp-product__description--short\">\n<div class=\"cmp-product__description--short\">\n<div class=\"cmp-product__description cmp-font--light\">\n<div class=\"cmp-text\">\n<div class=\"cmp-product__description--short\">\n<p>Cimento cola gel deform\u00e1vel que apresenta uma trabalhabilidade excecional com uma textura cremosa e flu\u00edda, \u00e9 especialmente vocacionado para colagem de ladrilhos cer\u00e2micos de grande dimens\u00e3o e baixa absor\u00e7\u00e3o em paredes e pavimentos, tanto no interior como no exterior.<\/p>\n<ul>\n<li>MULTIUSOS E MULTI-SUPORTE<\/li>\n<li>TEXTURA LEVE, CREMOSA E FLU\u00cdDA<\/li>\n<li>APLICA\u00c7\u00c3O COM MENOR ESFOR\u00c7O<\/li>\n<li>MAIOR TEMPO PARA AJUSTE DAS PE\u00c7AS CER\u00c2MICAS<\/li>\n<li>SUPORTA ESFOR\u00c7OS DIFERENCIAIS DEVIDO \u00c0 SUA DEFORMABILIDADE<\/li>\n<li>RESISTE A CICLOS DE GELO E DEGELO<\/li>\n<li>EXCELENTE DESEMPENHO QUANDO EXPOSTO A VARIA\u00c7\u00d5ES T\u00c9RMICAS<\/li>\n<li>MENOR RISCO DE OCORR\u00caNCIA DE CARBONATA\u00c7\u00c3O (BABAMENTOS)<\/li>\n<\/ul>\n<\/div>\n<\/div>\n<\/div>\n<\/div>\n<\/div>\n","protected":false},"excerpt":{"rendered":"<p>Cimento cola gel deform\u00e1vel que apresenta uma trabalhabilidade excecional com uma textura cremosa e flu\u00edda, \u00e9 especialmente vocacionado para colagem de ladrilhos cer\u00e2micos de grande dimens\u00e3o e baixa absor\u00e7\u00e3o em paredes e pavimentos, tanto no interior como no exterior. MULTIUSOS E MULTI-SUPORTE TEXTURA LEVE, CREMOSA E FLU\u00cdDA APLICA\u00c7\u00c3O COM MENOR [&hellip;]<\/p>\n","protected":false},"featured_media":6063,"comment_status":"closed","ping_status":"closed","template":"","meta":[],"product_cat":[115],"product_tag":[118,116],"class_list":["post-6046","product","type-product","status-publish","has-post-thumbnail","hentry","product_cat-seciltek","product_tag-adhere-flex-tt-gel","product_tag-seciltek"],"_links":{"self":[{"href":"https:\/\/appefilhos.pt\/wp-json\/wp\/v2\/product\/6046","targetHints":{"allow":["GET"]}}],"collection":[{"href":"https:\/\/appefilhos.pt\/wp-json\/wp\/v2\/product"}],"about":[{"href":"https:\/\/appefilhos.pt\/wp-json\/wp\/v2\/types\/product"}],"replies":[{"embeddable":true,"href":"https:\/\/appefilhos.pt\/wp-json\/wp\/v2\/comments?post=6046"}],"wp:featuredmedia":[{"embeddable":true,"href":"https:\/\/appefilhos.pt\/wp-json\/wp\/v2\/media\/6063"}],"wp:attachment":[{"href":"https:\/\/appefilhos.pt\/wp-json\/wp\/v2\/media?parent=6046"}],"wp:term":[{"taxonomy":"product_cat","embeddable":true,"href":"https:\/\/appefilhos.pt\/wp-json\/wp\/v2\/product_cat?post=6046"},{"taxonomy":"product_tag","embeddable":true,"href":"https:\/\/appefilhos.pt\/wp-json\/wp\/v2\/product_tag?post=6046"}],"curies":[{"name":"wp","href":"https:\/\/api.w.org\/{rel}","templated":true}]}}