{"id":6050,"date":"2022-06-27T15:32:06","date_gmt":"2022-06-27T15:32:06","guid":{"rendered":"https:\/\/appefilhos.pt\/?post_type=product&#038;p=6050"},"modified":"2022-12-05T17:40:41","modified_gmt":"2022-12-05T17:40:41","slug":"autonivelante-plan-classic","status":"publish","type":"product","link":"https:\/\/appefilhos.pt\/produto\/autonivelante-plan-classic\/","title":{"rendered":"AUTONIVELANTE PLAN CLASSIC"},"content":{"rendered":"<p>Argamassa ciment\u00edcia destinada \u00e0 execu\u00e7\u00e3o de camadas de enchimento e regulariza\u00e7\u00e3o de pavimentos interiores e exteriores.<\/p>\n<ul>\n<li>FORMULA\u00c7\u00c3O CONTROLADA<\/li>\n<li>ELEVADO RENDIMENTO<\/li>\n<li>BOA TRABALHABILIDADE<\/li>\n<\/ul>\n","protected":false},"excerpt":{"rendered":"<p>Argamassa ciment\u00edcia destinada \u00e0 execu\u00e7\u00e3o de camadas de enchimento e regulariza\u00e7\u00e3o de pavimentos interiores e exteriores. FORMULA\u00c7\u00c3O CONTROLADA ELEVADO RENDIMENTO BOA TRABALHABILIDADE<\/p>\n","protected":false},"featured_media":6066,"comment_status":"closed","ping_status":"closed","template":"","meta":[],"product_cat":[115],"product_tag":[120,116],"class_list":["post-6050","product","type-product","status-publish","has-post-thumbnail","hentry","product_cat-seciltek","product_tag-autonivelante-plan-classic","product_tag-seciltek"],"_links":{"self":[{"href":"https:\/\/appefilhos.pt\/wp-json\/wp\/v2\/product\/6050","targetHints":{"allow":["GET"]}}],"collection":[{"href":"https:\/\/appefilhos.pt\/wp-json\/wp\/v2\/product"}],"about":[{"href":"https:\/\/appefilhos.pt\/wp-json\/wp\/v2\/types\/product"}],"replies":[{"embeddable":true,"href":"https:\/\/appefilhos.pt\/wp-json\/wp\/v2\/comments?post=6050"}],"wp:featuredmedia":[{"embeddable":true,"href":"https:\/\/appefilhos.pt\/wp-json\/wp\/v2\/media\/6066"}],"wp:attachment":[{"href":"https:\/\/appefilhos.pt\/wp-json\/wp\/v2\/media?parent=6050"}],"wp:term":[{"taxonomy":"product_cat","embeddable":true,"href":"https:\/\/appefilhos.pt\/wp-json\/wp\/v2\/product_cat?post=6050"},{"taxonomy":"product_tag","embeddable":true,"href":"https:\/\/appefilhos.pt\/wp-json\/wp\/v2\/product_tag?post=6050"}],"curies":[{"name":"wp","href":"https:\/\/api.w.org\/{rel}","templated":true}]}}