{"id":6215,"date":"2022-07-01T13:17:49","date_gmt":"2022-07-01T13:17:49","guid":{"rendered":"https:\/\/appefilhos.pt\/?post_type=product&#038;p=6215"},"modified":"2022-12-05T17:39:49","modified_gmt":"2022-12-05T17:39:49","slug":"vipcril","status":"publish","type":"product","link":"https:\/\/appefilhos.pt\/produto\/vipcril\/","title":{"rendered":"Vipcril"},"content":{"rendered":"<p style=\"text-align: left;\">Tinta de acabamento, baseada numa dispers\u00e3o aquosa especial 100% acr\u00edlica, pigmentada com di\u00f3xido de tit\u00e2nio rutilo e cargas inertes.<\/p>\n<p style=\"text-align: left;\"><strong>FORMATOS:<\/strong> 5L;15L<br \/>\n<strong>UTILIZA\u00c7\u00c3O RECOMENDADA:<\/strong> Fachadas<br \/>\n<strong>GRAU DE BRILHO:<\/strong> Mate<br \/>\n<strong>ACABAMENTO:<\/strong> Liso<br \/>\n<strong>SECAGEM:<\/strong> Ao tacto: 1 a 2 horas Repintura: 2 a 3 horas<br \/>\n<strong>RENDIMENTO:<\/strong> 12 &#8211; 14<\/p>\n","protected":false},"excerpt":{"rendered":"<p>Tinta de acabamento, baseada numa dispers\u00e3o aquosa especial 100% acr\u00edlica, pigmentada com di\u00f3xido de tit\u00e2nio rutilo e cargas inertes. FORMATOS: 5L;15L UTILIZA\u00c7\u00c3O RECOMENDADA: Fachadas GRAU DE BRILHO: Mate ACABAMENTO: Liso SECAGEM: Ao tacto: 1 a 2 horas Repintura: 2 a 3 horas RENDIMENTO: 12 &#8211; 14<\/p>\n","protected":false},"featured_media":6216,"comment_status":"closed","ping_status":"closed","template":"","meta":[],"product_cat":[125],"product_tag":[126,127],"class_list":["post-6215","product","type-product","status-publish","has-post-thumbnail","hentry","product_cat-robbialac","product_tag-robbialac","product_tag-vipcril"],"_links":{"self":[{"href":"https:\/\/appefilhos.pt\/wp-json\/wp\/v2\/product\/6215","targetHints":{"allow":["GET"]}}],"collection":[{"href":"https:\/\/appefilhos.pt\/wp-json\/wp\/v2\/product"}],"about":[{"href":"https:\/\/appefilhos.pt\/wp-json\/wp\/v2\/types\/product"}],"replies":[{"embeddable":true,"href":"https:\/\/appefilhos.pt\/wp-json\/wp\/v2\/comments?post=6215"}],"wp:featuredmedia":[{"embeddable":true,"href":"https:\/\/appefilhos.pt\/wp-json\/wp\/v2\/media\/6216"}],"wp:attachment":[{"href":"https:\/\/appefilhos.pt\/wp-json\/wp\/v2\/media?parent=6215"}],"wp:term":[{"taxonomy":"product_cat","embeddable":true,"href":"https:\/\/appefilhos.pt\/wp-json\/wp\/v2\/product_cat?post=6215"},{"taxonomy":"product_tag","embeddable":true,"href":"https:\/\/appefilhos.pt\/wp-json\/wp\/v2\/product_tag?post=6215"}],"curies":[{"name":"wp","href":"https:\/\/api.w.org\/{rel}","templated":true}]}}