{"id":6495,"date":"2022-11-25T15:19:35","date_gmt":"2022-11-25T15:19:35","guid":{"rendered":"https:\/\/appefilhos.pt\/?post_type=product&#038;p=6495"},"modified":"2022-12-05T17:37:11","modified_gmt":"2022-12-05T17:37:11","slug":"rebarbadora-axxio-18-115","status":"publish","type":"product","link":"https:\/\/appefilhos.pt\/produto\/rebarbadora-axxio-18-115\/","title":{"rendered":"Rebarbadora Axxio 18\/115"},"content":{"rendered":"<p style=\"text-align: left;\"><strong>Rebarbadora Axxio 18\/115 (art.no:4431150)<br \/>\n<\/strong><\/p>\n<ul>\n<li class=\" meta\">Motor sem escovas (Brushless) \u2013 mais pot\u00eancia e uma vida \u00fatil mais longa<\/li>\n<li class=\" meta\">Ranhura Quick Fix para uma mudan\u00e7a r\u00e1pida e sem ferramentas do disco<\/li>\n<li class=\" meta\">O Softstart e a prote\u00e7\u00e3o contra o rearranque para maior seguran\u00e7a do utilizador<\/li>\n<li class=\" meta\">Prote\u00e7\u00e3o contra sobrecargas para a durabilidade<\/li>\n<li class=\"meta\">Elevada suavidade de funcionamento atrav\u00e9s do desacoplamento do motor e da engrenagem<\/li>\n<li class=\"meta\">Prote\u00e7\u00e3o de disco com ajuste r\u00e1pido para trabalhos flex\u00edveis<\/li>\n<li class=\"meta\">Caixa de engrenagens em alum\u00ednio robusta<\/li>\n<li class=\"meta\">Forma estreita com Softgrip ergon\u00f3mico<\/li>\n<li class=\"meta\">Pega adicional flex\u00edvel com possibilidade de montagem em 2 posi\u00e7\u00f5es<\/li>\n<li class=\"meta\">Recomenda\u00e7\u00e3o para \u00f3timos resultados: Bateria 2,5 Ah Plus ou superior<\/li>\n<li class=\"meta\">Fornecido sem bateria nem carregador (dispon\u00edveis em separado)<\/li>\n<\/ul>\n","protected":false},"excerpt":{"rendered":"<p>Rebarbadora Axxio 18\/115 (art.no:4431150) Motor sem escovas (Brushless) \u2013 mais pot\u00eancia e uma vida \u00fatil mais longa Ranhura Quick Fix para uma mudan\u00e7a r\u00e1pida e sem ferramentas do disco O Softstart e a prote\u00e7\u00e3o contra o rearranque para maior seguran\u00e7a do utilizador Prote\u00e7\u00e3o contra sobrecargas para a durabilidade Elevada suavidade [&hellip;]<\/p>\n","protected":false},"featured_media":6497,"comment_status":"closed","ping_status":"closed","template":"","meta":[],"product_cat":[140],"product_tag":[141,143],"class_list":["post-6495","product","type-product","status-publish","has-post-thumbnail","hentry","product_cat-einhell","product_tag-einhell","product_tag-rebarbadora-axxio-18-115"],"_links":{"self":[{"href":"https:\/\/appefilhos.pt\/wp-json\/wp\/v2\/product\/6495","targetHints":{"allow":["GET"]}}],"collection":[{"href":"https:\/\/appefilhos.pt\/wp-json\/wp\/v2\/product"}],"about":[{"href":"https:\/\/appefilhos.pt\/wp-json\/wp\/v2\/types\/product"}],"replies":[{"embeddable":true,"href":"https:\/\/appefilhos.pt\/wp-json\/wp\/v2\/comments?post=6495"}],"wp:featuredmedia":[{"embeddable":true,"href":"https:\/\/appefilhos.pt\/wp-json\/wp\/v2\/media\/6497"}],"wp:attachment":[{"href":"https:\/\/appefilhos.pt\/wp-json\/wp\/v2\/media?parent=6495"}],"wp:term":[{"taxonomy":"product_cat","embeddable":true,"href":"https:\/\/appefilhos.pt\/wp-json\/wp\/v2\/product_cat?post=6495"},{"taxonomy":"product_tag","embeddable":true,"href":"https:\/\/appefilhos.pt\/wp-json\/wp\/v2\/product_tag?post=6495"}],"curies":[{"name":"wp","href":"https:\/\/api.w.org\/{rel}","templated":true}]}}