{"id":6628,"date":"2022-12-28T16:16:37","date_gmt":"2022-12-28T16:16:37","guid":{"rendered":"https:\/\/appefilhos.pt\/?post_type=product&#038;p=6628"},"modified":"2022-12-28T16:21:13","modified_gmt":"2022-12-28T16:21:13","slug":"pavimento-uni","status":"publish","type":"product","link":"https:\/\/appefilhos.pt\/produto\/pavimento-uni\/","title":{"rendered":"Pavimento Uni"},"content":{"rendered":"<p>&nbsp;<\/p>\n<p style=\"text-align: left;\">Pavimento Uni<\/p>\n<ul>\n<li>Pavimento exterior de bet\u00e3o vibro-prensado de dupla camada;<\/li>\n<li>Destinado \u00e0 execu\u00e7\u00e3o de pavimentos em espa\u00e7os exteriores;<\/li>\n<li>Pelas suas excelentes propriedades de inter-travamento o pav\u00ea UNI \u00e9 ideal para grandes \u00e1reas de elevada press\u00e3o e circula\u00e7\u00e3o pois a sua geometria org\u00e2nica aumenta os n\u00edveis de trac\u00e7\u00e3o.<\/li>\n<\/ul>\n<p>&nbsp;<\/p>\n<p style=\"text-align: left;\">\n","protected":false},"excerpt":{"rendered":"<p>&nbsp; Pavimento Uni Pavimento exterior de bet\u00e3o vibro-prensado de dupla camada; Destinado \u00e0 execu\u00e7\u00e3o de pavimentos em espa\u00e7os exteriores; Pelas suas excelentes propriedades de inter-travamento o pav\u00ea UNI \u00e9 ideal para grandes \u00e1reas de elevada press\u00e3o e circula\u00e7\u00e3o pois a sua geometria org\u00e2nica aumenta os n\u00edveis de trac\u00e7\u00e3o. &nbsp;<\/p>\n","protected":false},"featured_media":6632,"comment_status":"closed","ping_status":"closed","template":"","meta":[],"product_cat":[149],"product_tag":[154],"class_list":["post-6628","product","type-product","status-publish","has-post-thumbnail","hentry","product_cat-artebel","product_tag-pavimento-uni"],"_links":{"self":[{"href":"https:\/\/appefilhos.pt\/wp-json\/wp\/v2\/product\/6628","targetHints":{"allow":["GET"]}}],"collection":[{"href":"https:\/\/appefilhos.pt\/wp-json\/wp\/v2\/product"}],"about":[{"href":"https:\/\/appefilhos.pt\/wp-json\/wp\/v2\/types\/product"}],"replies":[{"embeddable":true,"href":"https:\/\/appefilhos.pt\/wp-json\/wp\/v2\/comments?post=6628"}],"wp:featuredmedia":[{"embeddable":true,"href":"https:\/\/appefilhos.pt\/wp-json\/wp\/v2\/media\/6632"}],"wp:attachment":[{"href":"https:\/\/appefilhos.pt\/wp-json\/wp\/v2\/media?parent=6628"}],"wp:term":[{"taxonomy":"product_cat","embeddable":true,"href":"https:\/\/appefilhos.pt\/wp-json\/wp\/v2\/product_cat?post=6628"},{"taxonomy":"product_tag","embeddable":true,"href":"https:\/\/appefilhos.pt\/wp-json\/wp\/v2\/product_tag?post=6628"}],"curies":[{"name":"wp","href":"https:\/\/api.w.org\/{rel}","templated":true}]}}