{"id":6660,"date":"2024-02-06T10:16:15","date_gmt":"2024-02-06T10:16:15","guid":{"rendered":"https:\/\/appefilhos.pt\/?post_type=product&#038;p=6660"},"modified":"2024-10-22T09:59:25","modified_gmt":"2024-10-22T09:59:25","slug":"berbequim-aparafusador-144v-koma","status":"publish","type":"product","link":"https:\/\/appefilhos.pt\/produto\/berbequim-aparafusador-144v-koma\/","title":{"rendered":"BERBEQUIM APARAFUSADOR 14,4V KOMA"},"content":{"rendered":"<p style=\"text-align: left;\"><span data-testid=\"productDetails\">Berbequim aparafusador de bateria lithium-ion: <\/span><\/p>\n<p style=\"text-align: left;\"><span data-testid=\"productDetails\">-Potencia: 14.4v 1500ma. <\/span><\/p>\n<p style=\"text-align: left;\"><span data-testid=\"productDetails\">-Velocidade vari\u00e1vel de 0 a 700rpm 18nm. <\/span><\/p>\n<p style=\"text-align: left;\"><span data-testid=\"productDetails\">-Tempo de carregamento 1h.<\/span><\/p>\n<p style=\"text-align: left;\"><span data-testid=\"productDetails\">-Potencia: regul\u00e1vel. <\/span><\/p>\n<p style=\"text-align: left;\"><span data-testid=\"productDetails\">-Mandril autom\u00e1tico de \u00f810mm.<\/span><\/p>\n<p style=\"text-align: left;\"><span data-testid=\"productDetails\">-Rota\u00e7\u00e3o esquerda\/direita. <\/span><\/p>\n<p style=\"text-align: left;\"><span data-testid=\"productDetails\">-Al\u00e7a ergon\u00f3mica de toque suave. <\/span><\/p>\n<p style=\"text-align: left;\"><span data-testid=\"productDetails\"> -Acess\u00f3rios: mala de transporte,\u00a0 carregador.<\/span><\/p>\n<p style=\"text-align: left;\"><span data-testid=\"productDetails\">-Dimens\u00f5es: 20x24cm (profundidade\/altura) koma tools.<\/span><\/p>\n","protected":false},"excerpt":{"rendered":"<p>Berbequim aparafusador de bateria lithium-ion: -Potencia: 14.4v 1500ma. -Velocidade vari\u00e1vel de 0 a 700rpm 18nm. -Tempo de carregamento 1h. -Potencia: regul\u00e1vel. -Mandril autom\u00e1tico de \u00f810mm. -Rota\u00e7\u00e3o esquerda\/direita. -Al\u00e7a ergon\u00f3mica de toque suave. -Acess\u00f3rios: mala de transporte,\u00a0 carregador. -Dimens\u00f5es: 20x24cm (profundidade\/altura) koma tools.<\/p>\n","protected":false},"featured_media":6658,"comment_status":"closed","ping_status":"closed","template":"","meta":[],"product_cat":[160],"product_tag":[161],"class_list":["post-6660","product","type-product","status-publish","has-post-thumbnail","hentry","product_cat-koma-tools","product_tag-koma-tools"],"_links":{"self":[{"href":"https:\/\/appefilhos.pt\/wp-json\/wp\/v2\/product\/6660","targetHints":{"allow":["GET"]}}],"collection":[{"href":"https:\/\/appefilhos.pt\/wp-json\/wp\/v2\/product"}],"about":[{"href":"https:\/\/appefilhos.pt\/wp-json\/wp\/v2\/types\/product"}],"replies":[{"embeddable":true,"href":"https:\/\/appefilhos.pt\/wp-json\/wp\/v2\/comments?post=6660"}],"wp:featuredmedia":[{"embeddable":true,"href":"https:\/\/appefilhos.pt\/wp-json\/wp\/v2\/media\/6658"}],"wp:attachment":[{"href":"https:\/\/appefilhos.pt\/wp-json\/wp\/v2\/media?parent=6660"}],"wp:term":[{"taxonomy":"product_cat","embeddable":true,"href":"https:\/\/appefilhos.pt\/wp-json\/wp\/v2\/product_cat?post=6660"},{"taxonomy":"product_tag","embeddable":true,"href":"https:\/\/appefilhos.pt\/wp-json\/wp\/v2\/product_tag?post=6660"}],"curies":[{"name":"wp","href":"https:\/\/api.w.org\/{rel}","templated":true}]}}